et l(u) = 7*u - 14. Let i be 1/(5*(-3)/(-105)). Let q be l(i). Suppose -2*t + q = -23. List the prime factors of t.
29
Let j be ((-27)/15 - -2)/((-2)/(-30)). Suppose g - 56 = 4*w, -j*w - 36 = 4*g - 203. What are the prime factors of g?
2, 11
Suppose 0 = 3*j - 4*c + 58, 4*j - 5 = -2*c - 75. Let p(y) = y**3 + 18*y**2 - 13*y + 14. What are the prime factors of p(j)?
2, 31
Suppose 44*p - 515782 - 219693 = -53607. List the prime factors of p.
15497
Let t(x) = -209*x + 121. Let g be t(4). Let o = 1234 + g. List the prime factors of o.
3, 173
Suppose 11*f + 150175 = 9*f + 27*f. List the prime factors of f.
6007
Let t(l) = l**3 - 16*l**2 - 8*l + 4. Let x(i) = i**2 + i. Let j(q) = -t(q) - 6*x(q). Let y be -1 - 18/4*-2. What are the prime factors of j(y)?
2, 5, 7
Let w(l) = 13*l**2 - 211*l + 36. What are the prime factors of w(33)?
2, 3, 5, 241
Let i = 49862 - 40538. List the prime factors of i.
2, 3, 7, 37
What are the prime factors of 9/(-15)*330/(-1287) - 141711/(-13)?
11, 991
Let q(x) = -2*x**2 + 4 + x**2 + 6. Let c be q(0). What are the prime factors of (1 - 15/25) + 686/c?
3, 23
Let o(z) = 2*z**2 - 18*z + 16. Let n be o(13). Let a be (85/40*2)/(2/n). Suppose 2*x + 3*d - 103 = 0, -5*d = -x + 6*x - a. List the prime factors of x.
2, 5
Let n = -35 + 38. Suppose n*t - 4861 = -4*g, -2*g - 5*t + 1381 = -1060. List the prime factors of (g/7 + 4/(-14))/1.
173
What are the prime factors of (-6)/2 + 39205/15 - 13/(-39)?
7, 373
Let o = -50 - -43. Let u(y) = -y - 24. Let c be u(o). What are the prime factors of (c/(-3))/((-1)/(-3))?
17
Let p(h) = -5*h - 4*h - 11 - 8*h**2 - 15*h - 7*h. Let j(c) = 4*c**2 + 15*c + 6. Let b(l) = 5*j(l) + 2*p(l). What are the prime factors of b(-7)?
113
Let v = -13 - -8. Let p be (v + 6)/(1/4). Suppose -j + p = -14. What are the prime factors of j?
2, 3
Let w(u) = 269*u - 3. Let t be w(2). Let r(n) = -3*n**3 + 17*n**2 - 14*n - 26. Let z be r(7). Let q = t + z. List the prime factors of q.
5, 43
What are the prime factors of (-13534)/(-15 + 17 + -4)?
67, 101
Suppose 705*d - 276480 = 641*d. List the prime factors of d.
2, 3, 5
Suppose 3*v = -2*w + 2*v + 19, -4*w + 44 = 4*v. Suppose 2*d = -2*y - w - 20, -y = 2*d + 23. List the prime factors of (-938)/d + 2/(-9).
2, 13
Let p be (-968)/(-12)*1*3. Suppose p = y + i, -5*i - 217 = -y - i. List the prime factors of y.
3, 79
What are the prime factors of ((11/22)/(1/(-113682)))/(-1 - 0)?
3, 18947
Let p = 3079 - 2185. Let l = p - 377. List the prime factors of l.
11, 47
Let z be ((-4)/(-2))/(15/3480) + -2. Suppose 2*l - 608 = -m, -z = -l - 5*m - 176. List the prime factors of l.
2, 3, 17
Let g = -3793 - -9454. What are the prime factors of g?
3, 17, 37
Let n = -38480 - -38926. List the prime factors of n.
2, 223
Let w(n) = -7*n - 8. Let g be w(-2). Suppose -3*y + 5*x = -717, 471 = 2*y - g*x + 5*x. Let c = y + -108. What are the prime factors of c?
2, 3, 7
Suppose 0 = -222*a - 23266 + 118082 + 97880. List the prime factors of a.
2, 7, 31
Suppose 3*y - 28*v + 27*v - 17 = 0, 2*y + 4*v = -12. Let p(l) = 4*l**3 + 4*l**2 + l - 4. List the prime factors of p(y).
2, 5
Let p(m) = 3*m**2 - 2*m + 5. Let v(o) = 1. Let x(y) = 1. Let l(k) = 5*v(k) - 6*x(k). Let u(d) = 5*l(d) + p(d). What are the prime factors of u(3)?
3, 7
Let j be ((-216)/48)/((-1)/(-2)). Let c = j + 12. Suppose 3*q + c = -2*w + 7*w, 15 = 5*w. List the prime factors of q.
2
Suppose 162*u - 157*u = -6940. List the prime factors of 3*5/((-60)/u).
347
Let d = -6989 + 24699. List the prime factors of d.
2, 5, 7, 11, 23
Let w = 25775 - -10314. List the prime factors of w.
151, 239
Let j(s) = 9*s**2 + 2*s - 1. Let z be j(1). Let g = z + -229. Let t = g - -405. List the prime factors of t.
2, 3, 31
Let t(o) = -o**2 + 9. Let z be t(0). Let s be 92/(-6)*z/(-6). Let c = -7 + s. List the prime factors of c.
2
Let d = 20055 + 24751. What are the prime factors of d?
2, 43, 521
Let z = 42065 - 28970. What are the prime factors of z?
3, 5, 97
Suppose 0 = 3*j + 3*u + 159, -3*u - 201 = 4*j + 13. Let y = j - -688. What are the prime factors of y?
3, 211
Let a be (-3)/12 - (-13)/4. Let l be (144/90)/((-2)/(-5)). Suppose d - 17 = a*w, l*d + w - 24 = 2*w. List the prime factors of d.
5
What are the prime factors of (-18)/(-12)*(64820/12 + 3)?
11, 67
Let r(b) = b**3 + 10*b**2 - 2*b - 6. Let w be r(-7). Let m be -107*(1 + 1 + -1). Let i = m + w. What are the prime factors of i?
2, 3
Let k(t) = -176*t**2 + 9. Let p(g) = 528*g**2 - 25. Let r(m) = 8*k(m) + 3*p(m). What are the prime factors of r(1)?
173
Let f = 1925 + -1121. Let q be (34/3)/(8/f). Suppose 363 - q = -8*u. List the prime factors of u.
97
Suppose -4*g - 2*f + 8 = 0, -5*g - 4*f + 10 = -3*f. Let x be (g + 4)/((-4)/18). Let z = 78 - x. What are the prime factors of z?
3, 5, 7
Let a(v) = 366*v + 3547. What are the prime factors of a(47)?
20749
Suppose 342427 = 25*d + 60602. What are the prime factors of d?
11273
Suppose -59*y = -2730947 - 69901. What are the prime factors of y?
2, 3, 23, 43
Suppose 3*l = -i + 17, -3*i + l = -40 + 19. List the prime factors of 17520/14 + i/14.
2, 313
Suppose 5*j = -278 - 77. Let c = j + 71. Suppose -s = b - 92, c*b - b = 2*s - 95. List the prime factors of b.
89
Suppose 8*k - 9*k - 4*x + 23397 = 0, 2*k - 46844 = 2*x. List the prime factors of k.
23417
Let b(r) = 55 + 0*r + 2*r**2 - 3*r - 46. Let s(f) = 2*f - 6. Let y be s(6). What are the prime factors of b(y)?
3, 7
Let f be ((-70)/(-12) + (-4)/(-6))*8. What are the prime factors of (857/(-3))/(f/(-156))?
857
Let f be (-1 - -5) + 6 + -8. What are the prime factors of ((f - 8) + -11)*-2?
2, 17
Suppose -125*m - 18*m - 90940 = -1180171. List the prime factors of m.
3, 2539
Suppose v - 3*v = -2*s + 7604, -v = -3. List the prime factors of s/20*2 + 2/4.
3, 127
Suppose 97 = 2*t + 5*g + 3, -2*g = 3*t - 163. Let w = 260 + t. List the prime factors of w.
317
Let t = 31 - 22. Let x(w) = -w**3 - 6*w**2 - 4*w - 20. Let b be x(-6). Suppose -t*j + 250 = -b*j. List the prime factors of j.
2, 5
Let i(f) be the first derivative of 4*f**4/3 + 26*f**3/3 + 41*f**2/2 + 29. Let b(s) be the second derivative of i(s). What are the prime factors of b(8)?
2, 7, 11
Let m(h) = -h**3 + 11*h**2 - 15*h - 3. Let r(l) = -l**3 - 6*l**2 - 6*l + 2. Let a be (-16 - 4)/(-4)*-1. Let j be r(a). List the prime factors of m(j).
2, 11
Let t(o) = 51*o**2 - 42*o - 113. What are the prime factors of t(-10)?
5407
Suppose 2*p - 154 = -5*a, 134*a - 77 = -p + 133*a. Suppose -2*i + 0*i - 64 = 0. Let r = p - i. List the prime factors of r.
109
Suppose 0 = -j - 2*f + 21327, 32*f - 2 = 31*f. List the prime factors of j.
21323
Let n = 131046 + -274214. List the prime factors of 2/(-7) + n/(-112).
2, 3, 71
Let u = 367 + -545. Let p = -431 - -726. Let k = u + p. What are the prime factors of k?
3, 13
Let h(f) be the second derivative of f**5/20 - f**4/4 + 5*f**3/6 - 7*f**2/2 - 66*f. What are the prime factors of h(3)?
2
Suppose 17*m + 4*m - 373310 - 338884 = 0. What are the prime factors of m?
2, 31, 547
Suppose -30*m - 54354 = -33*m - 3*u, 2*m - 36226 = 3*u. List the prime factors of m.
2, 7, 647
Suppose 26*m + 58306 - 192258 = 0. What are the prime factors of m?
2, 7, 23
Let o(h) = -h**3 - 29*h**2 + 33*h - 48. Let l be o(-31). Suppose 6*s - l = s + 2*q, -353 = -2*s + 5*q. What are the prime factors of s?
13
Let b be 12/15*25/10. Let z be (-15)/20*b*2. What are the prime factors of z*2888/(-96) - (-6)/8?
7, 13
Let x(s) = s - 25. Let j be x(28). Suppose t = j*t + 830. Let i = t + 619. List the prime factors of i.
2, 3, 17
List the prime factors of (-1 - -2) + -9 + -426 + 2887.
11, 223
Let t = 557 + -558. List the prime factors of (-3 - (-1510 - -2)) + 6 + t.
2, 5, 151
Let c = -74 + 67. Let v be (20/c)/((-2)/(-7)). Let j(b) = -b + 20. List the prime factors of j(v).
2, 3, 5
Suppose 0 = 4*v - 4*f - 7752, 5*v + 23*f - 9650 = 18*f. What are the prime factors of v?
2, 967
Let i(c) = 1384*c + 7327. List the prime factors of i(14).
3, 23, 43
Let c be 0/(-2 - (-2 + 2)). Suppose -2*x + 5*t + 20 = c, -x = 2*x - 5*t - 20. Suppose 5*m - 120 - 330 = x. List the prime factors of m.
2, 3, 5
Let z(y) = 8*y**2 + y - 7. Let n = -197 + 190. List the prime factors of z(n).
2, 3, 7
Let q be 3*(-4)/(-6) + 57. Let b(g) = 56*g + 312. Let v be b(-4). Let d = v - q. List the prime factors of d.
29